(-4).
-27
Let x(a) = 330*a + 23762. Give x(-72).
2
Let r(n) = 41*n + 12. What is r(4)?
176
Let k(d) = 252*d - 1518. What is k(6)?
-6
Let y(g) = g**2 + 30*g - 807. Give y(-49).
124
Let z(l) = -l**2 + 12*l + 36. Give z(10).
56
Let s(i) = 47*i**3 - 11*i**2 - 9*i + 2. Give s(-1).
-47
Let r(h) = -6*h**2 - 157*h + 1402. What is r(8)?
-238
Let n(h) = 1000*h + 4995. What is n(-5)?
-5
Let g(u) = -u**3 - 12*u**2 - 56*u - 384. Calculate g(-10).
-24
Let t(d) = 58*d**3 + 3*d**2 + 143*d - 143. Give t(1).
61
Let z(s) = s**3 - 5*s**2 + 3*s + 2. Determine z(3).
-7
Let o(g) = -3*g**2 - 24*g - 26. Calculate o(-1).
-5
Let t(j) = 2*j**3 + 16*j**2 + 41*j + 39. Calculate t(-3).
6
Let m(k) = 3*k**2 + 173*k + 101. Give m(-58).
159
Let t(n) = -1107*n + 14353. Calculate t(13).
-38
Let v(j) = -2*j**3 + j**2 - 18*j - 30. Calculate v(-3).
87
Let f(v) = -v**3 + 198*v**2 + 1002*v + 2612. Calculate f(203).
-27
Let v(z) = -15*z - 149. Calculate v(-13).
46
Let w(r) = 355*r + 5288. Give w(-15).
-37
Let o(g) = 611*g - 603. What is o(1)?
8
Let r(g) = -g**3 - 5*g**2 + 104*g - 37. Give r(9).
-235
Let n(r) = -240*r + 14. What is n(0)?
14
Let c(h) = 2*h**3 - 18*h**2 - 46*h + 14. Give c(11).
-8
Let z(d) = d**2 + 17*d - 11. Determine z(-14).
-53
Let g(h) = -50*h**2 - 246*h + 31. Calculate g(-5).
11
Let k(r) = 11*r**2 - 2*r - 9. What is k(4)?
159
Let q(c) = -c**2 - 109*c - 1184. Calculate q(-12).
-20
Let l(t) = -87*t - 11550. What is l(-133)?
21
Let z(m) = 31*m**2 - 146*m - 55. Determine z(5).
-10
Let a(b) = -b**3 - 53*b**2 - 99*b + 81. Calculate a(-51).
-72
Let w(x) = 10*x**2 + 1870*x - 3788. Give w(-189).
-8
Let d(h) = 2*h**3 - 49*h**2 - 32*h + 36. Calculate d(25).
-139
Let o(p) = 6*p**2 - 286*p - 8849. Determine o(69).
-17
Let b(q) = 33*q + 2005. Calculate b(-61).
-8
Let q(n) = n**3 + 62*n**2 - 5*n - 281. Determine q(-62).
29
Let f(h) = -52*h**3 - 4*h**2 + 9*h + 1. What is f(2)?
-413
Let t(y) = -y**2 + 13*y - 19. Determine t(26).
-357
Let w(c) = -6*c**3 - 5*c**2 - 10*c - 9. Determine w(-2).
39
Let r(d) = d**2 + 21*d + 151. Determine r(-8).
47
Let w(d) = 104*d**2 + 415*d + 9. Give w(-4).
13
Let k(b) = -2*b**3 + 1557*b**2 + 1557*b + 1. What is k(-1)?
3
Let g(v) = -2*v**2 + 53*v - 71. What is g(26)?
-45
Let d(p) = -2*p**3 - 195*p**2 + 298*p + 141. Determine d(-99).
42
Let s(i) = -i**3 - 12*i**2 - 140*i - 1016. What is s(-9)?
1
Let d(p) = 2*p**3 + 20*p**2 - 32*p + 11. Calculate d(-11).
121
Let z(r) = -2*r**3 - 14*r**2 + 62*r + 5. Determine z(-10).
-15
Let b(c) = -182*c - 15277. What is b(-84)?
11
Let r(n) = -5*n**3 - 102*n**2 + 565*n - 228. Give r(-25).
22
Let v(g) = 8*g**3 - 192*g**2 + 137*g - 3264. What is v(24)?
24
Let i(v) = 119*v + 2735. Determine i(-23).
-2
Let o(u) = u**3 - 32*u**2 - 226*u - 72. What is o(38)?
4
Let q(v) = v**2 - 28*v - 36. Determine q(28).
-36
Let k(x) = 32*x**2 + 42*x + 220. Calculate k(-6).
1120
Let y(w) = -755*w - 43783. Determine y(-58).
7
Let w(d) = 198*d - 2182. What is w(11)?
-4
Let j(r) = -63*r + 615. Give j(0).
615
Let n(q) = q**3 + q**2 + 2*q + 11. Give n(-3).
-13
Let h(x) = 2*x**3 - 90*x**2 - 87*x - 134. Give h(46).
96
Let z(l) = -2*l**3 - 26*l**2 + 23*l - 24. Determine z(-12).
-588
Let v(t) = -t**3 - 20*t**2 - 36*t - 6. What is v(0)?
-6
Let h(n) = -1059*n + 10590. Calculate h(10).
0
Let u(n) = 78*n - 485. Give u(6).
-17
Let d(j) = 27*j**3 + 2*j**2 - 3*j. Calculate d(1).
26
Let m(l) = -2*l**3 + 18*l**2 + 19*l - 11. What is m(10)?
-21
Let v(q) = -6*q + 130. What is v(31)?
-56
Let f(b) = 10*b**3 + 10*b**2 + b - 18. What is f(-3)?
-201
Let n(x) = 2*x**3 - 14*x**2 - 18*x + 24. Determine n(7).
-102
Let p(c) = -c**3 - 11*c**2 - 25*c + 32. Determine p(-4).
20
Let t(q) = q**3 - 26*q**2 + 129*q + 244. Give t(19).
168
Let h(c) = 45*c**2 + 534*c + 1. Give h(-12).
73
Let h(d) = -5*d**2 + 686*d + 1253. What is h(139)?
2
Let a(p) = 19*p - 145. Determine a(6).
-31
Let z(m) = 9*m**2 - 46*m + 13. What is z(5)?
8
Let n(s) = 5*s**3 + 30*s**2 + 13*s - 16. Calculate n(-6).
-94
Let j(g) = -5*g**2 - 5*g - 4. What is j(5)?
-154
Let q(h) = -h**2 - 55*h - 245. Give q(-51).
-41
Let m(r) = r**3 + 22*r**2 + 526. Determine m(-23).
-3
Let q(c) = 22*c - 80. Calculate q(1).
-58
Let s(k) = -k**2 - 98*k - 1546. What is s(-78)?
14
Let h(c) = 189*c - 2266. Determine h(12).
2
Let c(t) = 3*t**3 - 190*t**2 - 128*t - 245. What is c(64)?
-245
Let b(t) = -t**3 - 29*t**2 + 29*t + 26. Give b(-30).
56
Let c(m) = -m**3 - 46*m**2 + 5*m + 271. What is c(-46)?
41
Let x(v) = -69*v - 1160. Give x(-20).
220
Let u(b) = 16*b - 485. Calculate u(29).
-21
Let y(f) = 8*f**2 + 221*f - 61. Determine y(-28).
23
Let g(y) = -y**2 - 970*y + 3892. Calculate g(4).
-4
Let g(n) = -2*n**3 - 67*n**2 - 105*n - 306. Calculate g(-32).
-18
Let m(v) = 2*v**2 - 2*v - 60. Determine m(7).
24
Let n(q) = 329*q**2 + 17*q + 17. What is n(-1)?
329
Let n(f) = 2*f**3 + 32*f**2 - 117*f - 12. Calculate n(-19).
45
Let i(p) = 156*p + 622. What is i(-4)?
-2
Let w(j) = -4*j**2 - 4018*j + 69454. Determine w(17).
-8
Let s(c) = 5*c**3 - 477*c**2 - 774*c - 198. Calculate s(97).
-4
Let w(n) = -184*n + 559. What is w(3)?
7
Let u(p) = p**3 - 132*p**2 + 101*p + 3942. Give u(131).
12
Let a(s) = -17*s - 130. Determine a(-16).
142
Let g(j) = -18*j**2 - 373*j + 104. Determine g(-21).
-1
Let t(q) = 16*q**3 + 99*q**2 + 19*q - 14. What is t(-6)?
-20
Let k(m) = -m**3 - 4*m**2 - 16*m + 39. Calculate k(-8).
423
Let n(m) = -64*m + 187. Give n(1).
123
Let y(o) = 77*o + 3724. Calculate y(-48).
28
Let g(v) = 79*v + 1979. Give g(-28).
-233
Let j(i) = -115*i + 3033. What is j(26)?
43
Let w(v) = v**3 + 32*v**2 + 61*v - 10. Calculate w(-30).
-40
Let u(i) = 2*i**2 + 354*i + 3666. Determine u(-11).
14
Let d(x) = 8*x**3 + x**2 + 55*x + 56. Calculate d(-1).
-6
Let t(s) = -4*s**3 - 70*s**2 + 98*s - 28. Calculate t(1).
-4
Let b(h) = 3*h**2 + 6*h - 9. Determine b(-3).
0
Let k(o) = -2*o**3 + 15*o**2 + 5*o - 3. Calculate k(8).
-27
Let f(k) = -82*k - 7153. What is f(-87)?
-19
Let w(c) = 116*c + 18910. Determine w(-163).
2
Let j(l) = -l**3 - 122*l**2 - 3235*l + 169. Determine j(-83).
3
Let h(z) = -z**3 + 38*z**2 - 45*z + 3282. Give h(39).
6
Let k(w) = -132*w**2 - 925*w + 23. Give k(-7).
30
Let o(c) = c**2 + 17*c - 127. Calculate o(6).
11
Let q(m) = -399*m - 1989. Calculate q(-5).
6
Let g(z) = 320*z - 3702. Give g(12).
138
Let o(u) = -u**3 - 6*u**2 - 32*u - 22. Give o(-7).
251
Let y(i) = -i**2 - 56*i - 402. What is y(-48)?
-18
Let d(a) = a**3 + 40*a**2 + 108*a + 4326. Calculate d(-40).
6
Let m(j) = -6*j**3 + 147*j**2 - 72*j + 4. Give m(24).
4
Let l(p) = 8148*p - 57046. What is l(7)?
-10
Let d(p) = -2*p**3 + 8*p**2 + 28*p + 27. Determine d(-2).
19
Let w(m) = m**3 - 3*m**2 + 40*m - 108. Give w(3).
12
Let u(t) = -t**3 - 2*t**2 + 2*t - 19. Give u(3).
-58
Let v(p) = -p**3 + 20*p**2 - 159*p + 3774. Determine v(21).
-6
Let j(a) = -2*a**2 + 151*a + 1201. Give j(83).
-44
Let v(s) = s**3 + 10*s**2 - 227*s + 4. Determine v(-21).
-80
Let j(w) = w**3 - 20*w**2 + 87*w - 92. Calculate j(4).
0
Let t(b) = -2*b**2 + 34*b - 125. Determine t(11).
7
Let h(l) = -l**2 + 9*l + 1017. What is h(-27)?
45
Let f(x) = 9*x + 9. What is f(4)?
45
Let n(i) = -i**2 + 83*i + 2559. What is n(-24)?
-9
Let m(a) = a**2 + 30*a + 4. Give m(-30).
4
Let c(h) = -289*h - 856. What is c(-3)?
11
Let f(u) = u**2 - 5*u - 311. What is f(19)?
-45
Let t(y) = -y**3 + 2*y**2 + 12*y - 36. Give t(4).
-20
Let d(r) = r**3 - 16*r**2 + 5*r + 133. Give d(15).
-17
Let v(q) = 176*q - 1736. What is v(10)?
24
Let b(p) = -32*p - 176. What is b(-7)?
48
Let f(b) = -b**2 + 56*b - 594. Determine f(37).
109
Let d(r) = -2*r**2 + 370*r + 2685. Give d(-7).
-3
Let s(f) = 190*f - 3241. Determine s(17).
-11
Let g(v) = 31*v - 534. Determine g(19).
55
Let o(u) = 11*u**2 + 356*u + 74. Give o(-32).
-54
Let v(s) = -99*s**2 + 498*s - 7. What is v(5)?
8
Let i(p) = p**3 - 26*p**2 + 75*p - 606. Determine i(24).
42
Let s(i) = -i**3 - 7*i**2 + 121*i + 848. Give s(-7).
1
Let m(w) = -579*w - 16245. Give m(-28).
-33
Let d(r) = -784*r + 3. Determine d(0).
3
Let n(a) = -a**2 + 945*a - 10277. What is n(11)?
-3
Let s(l) = -3*l**2 + 2*l + 3. Determine s(1).
2
Let b(r) = 24*r + 1068. Give b(-44).
12
Let p(s) = 3407*s + 34067. Give p(-10).
-3
Let y(a) = -3*a**2 + 129*a - 250. What is y(42)?
-124
Let y(f) = -22*f**2 - 36*f - 31. Calculate y(-1).
-17
Let j(f) = -17*f - 75. D